{"id":1046,"date":"2020-02-28T09:05:34","date_gmt":"2020-02-28T08:05:34","guid":{"rendered":"https:\/\/www.trust-immobiliere.com\/?post_type=product&#038;p=1046"},"modified":"2025-01-29T13:41:47","modified_gmt":"2025-01-29T12:41:47","slug":"s3-esplven","status":"publish","type":"product","link":"https:\/\/www.trust-immobiliere.com\/index.php\/produit\/s3-esplven\/","title":{"rendered":"S+3-El Manzeh"},"content":{"rendered":"<p>N&rsquo;h\u00e9sitez pas \u00e0 nous contacter sur : 24266000 \/ 26 404509 \/ 98 705836 \/ 55336649<\/p>\n","protected":false},"excerpt":{"rendered":"<p>L\u2019Agence TRUST IMMOBILIERE Vous propose la vente des appartements S+3 de haut standing dans une R\u00e9sidence R+6 des servis par 2 ascenseurs centraux Situ\u00e9e \u00e0 Jin\u00e9ne El Menzah 9.<br \/>\nLa r\u00e9sidence est \u00e0 quelques minutes du centre-ville et des principaux centres commerciaux et de loisirs.La surface des S+3 est 161 m2<br \/>\nLe prix des S+3 est 330.000 DT<br \/>\nLe prix comprend une place de parking au sous-sol.<br \/>\nLa Remise des cl\u00e9s est imm\u00e9diate<\/p>\n","protected":false},"featured_media":1047,"comment_status":"open","ping_status":"closed","template":"","meta":[],"_links":{"self":[{"href":"https:\/\/www.trust-immobiliere.com\/index.php\/wp-json\/wp\/v2\/product\/1046"}],"collection":[{"href":"https:\/\/www.trust-immobiliere.com\/index.php\/wp-json\/wp\/v2\/product"}],"about":[{"href":"https:\/\/www.trust-immobiliere.com\/index.php\/wp-json\/wp\/v2\/types\/product"}],"replies":[{"embeddable":true,"href":"https:\/\/www.trust-immobiliere.com\/index.php\/wp-json\/wp\/v2\/comments?post=1046"}],"wp:featuredmedia":[{"embeddable":true,"href":"https:\/\/www.trust-immobiliere.com\/index.php\/wp-json\/wp\/v2\/media\/1047"}],"wp:attachment":[{"href":"https:\/\/www.trust-immobiliere.com\/index.php\/wp-json\/wp\/v2\/media?parent=1046"}],"curies":[{"name":"wp","href":"https:\/\/api.w.org\/{rel}","templated":true}]}}