{"id":1086,"date":"2020-02-28T09:37:27","date_gmt":"2020-02-28T08:37:27","guid":{"rendered":"https:\/\/www.trust-immobiliere.com\/?post_type=product&#038;p=1086"},"modified":"2024-07-01T18:00:15","modified_gmt":"2024-07-01T16:00:15","slug":"s2-dalilaven","status":"publish","type":"product","link":"https:\/\/www.trust-immobiliere.com\/index.php\/produit\/s2-dalilaven\/","title":{"rendered":"S+2-YASMINE HAMMAMET"},"content":{"rendered":"<p>N&rsquo;h\u00e9sitez pas \u00e0 nous contacter sur : 24266000 \/ 26 404509 \/ 98 705836 \/ 55336649<\/p>\n","protected":false},"excerpt":{"rendered":"<p>A vendre des appartements de tr\u00e8s haut standing Situ\u00e9sdans un immeuble r\u00e9sidentiel R+2\u00e0 YASMINE HAMMAMET.<br \/>\nLa surface des S+2varie entre110m2 et 145 m2<br \/>\nLe prix des S+2var\u0131e entre330.000 DT et 430,000 DT<br \/>\nLe prix de vente de chaque appartement comprend une place de park\u0131ng au sous-sol.<br \/>\nLa Remise des cl\u00e9s est imm\u00e9diate.<\/p>\n","protected":false},"featured_media":1085,"comment_status":"open","ping_status":"closed","template":"","meta":[],"_links":{"self":[{"href":"https:\/\/www.trust-immobiliere.com\/index.php\/wp-json\/wp\/v2\/product\/1086"}],"collection":[{"href":"https:\/\/www.trust-immobiliere.com\/index.php\/wp-json\/wp\/v2\/product"}],"about":[{"href":"https:\/\/www.trust-immobiliere.com\/index.php\/wp-json\/wp\/v2\/types\/product"}],"replies":[{"embeddable":true,"href":"https:\/\/www.trust-immobiliere.com\/index.php\/wp-json\/wp\/v2\/comments?post=1086"}],"wp:featuredmedia":[{"embeddable":true,"href":"https:\/\/www.trust-immobiliere.com\/index.php\/wp-json\/wp\/v2\/media\/1085"}],"wp:attachment":[{"href":"https:\/\/www.trust-immobiliere.com\/index.php\/wp-json\/wp\/v2\/media?parent=1086"}],"curies":[{"name":"wp","href":"https:\/\/api.w.org\/{rel}","templated":true}]}}