{"id":1569,"date":"2020-03-06T20:11:47","date_gmt":"2020-03-06T19:11:47","guid":{"rendered":"https:\/\/www.trust-immobiliere.com\/?post_type=product&#038;p=1569"},"modified":"2020-04-14T20:53:20","modified_gmt":"2020-04-14T18:53:20","slug":"nouvelle-residence-aux-jardins-du-lac-vital-cube","status":"publish","type":"product","link":"https:\/\/www.trust-immobiliere.com\/index.php\/produit\/nouvelle-residence-aux-jardins-du-lac-vital-cube\/","title":{"rendered":"Nouvelle Residence aux Jardins du Lac\/vente"},"content":{"rendered":"","protected":false},"excerpt":{"rendered":"<p>Il s\u2019agit d\u2019une nouvelle r\u00e9sidence dans une R\u00e9sidence de haut standing; compos\u00e9e  des appartements, Bureaux et Locaux de commerce;  Situ\u00e9e aux Jardins du lac. <\/p>\n<p>LES APPARTEMENTS SONT DE TYPE S+1\/S+2<\/p>\n<p>La surface des S+1 est de 76 m2<br \/>\nLe prix des S+1 est de 345.000 DT<br \/>\nLa surface des S+2 var\u0131e entre 116 m2 et 120 m2<br \/>\nLe prix des S+2 var\u0131e 525.000 DT et 545000 DT<\/p>\n<p>LOCAUX A VENDRE<br \/>\nLa surface des locaux  est de 400 m2<br \/>\nLe pr\u0131x unitaire est 4500 DT HT\/M2<br \/>\nLe prix des locaux 1 est de 2,145.000 DT <\/p>\n<p>BUREAUX A VENDRE<br \/>\nLa surface des bureaux  var\u0131e entre 76 m2 et 120 m2<br \/>\nLe pr\u0131x unitaire est 4500 DT HT\/M2<br \/>\nLe prix des bureaux varie entre 410.000 DT et 646.000 DT<br \/>\nLe pr\u0131x de la place de parking au sous-sol est 18000 DT<\/p>\n","protected":false},"featured_media":1573,"comment_status":"open","ping_status":"closed","template":"","meta":[],"_links":{"self":[{"href":"https:\/\/www.trust-immobiliere.com\/index.php\/wp-json\/wp\/v2\/product\/1569"}],"collection":[{"href":"https:\/\/www.trust-immobiliere.com\/index.php\/wp-json\/wp\/v2\/product"}],"about":[{"href":"https:\/\/www.trust-immobiliere.com\/index.php\/wp-json\/wp\/v2\/types\/product"}],"replies":[{"embeddable":true,"href":"https:\/\/www.trust-immobiliere.com\/index.php\/wp-json\/wp\/v2\/comments?post=1569"}],"wp:featuredmedia":[{"embeddable":true,"href":"https:\/\/www.trust-immobiliere.com\/index.php\/wp-json\/wp\/v2\/media\/1573"}],"wp:attachment":[{"href":"https:\/\/www.trust-immobiliere.com\/index.php\/wp-json\/wp\/v2\/media?parent=1569"}],"curies":[{"name":"wp","href":"https:\/\/api.w.org\/{rel}","templated":true}]}}