{"id":1586,"date":"2020-03-06T20:35:33","date_gmt":"2020-03-06T19:35:33","guid":{"rendered":"https:\/\/www.trust-immobiliere.com\/?post_type=product&#038;p=1586"},"modified":"2026-04-05T11:30:33","modified_gmt":"2026-04-05T09:30:33","slug":"s3-jardins-de-carthage-carthage-city","status":"publish","type":"product","link":"https:\/\/www.trust-immobiliere.com\/index.php\/produit\/s3-jardins-de-carthage-carthage-city\/","title":{"rendered":"S+3-Jardins de Carthage"},"content":{"rendered":"","protected":false},"excerpt":{"rendered":"<p>L\u2019Agence TRUST IMMOBILIERE propose \u00e0 vendre un appartement neuf jamais habite de type S+3 de tr\u00e8s haut standing dans une R\u00e9sidence R+10 Situ\u00e9e au jardin de Carthage.<\/p>\n<p>La surface est 200 m2<br \/>\nLe prix est de 550.000 DT<br \/>\nLe pr\u0131x de la place de parking au sous-sol est 30.000 DT<br \/>\nLa Remise des cl\u00e9s est imm\u00e9diate.<\/p>\n","protected":false},"featured_media":1584,"comment_status":"open","ping_status":"closed","template":"","meta":[],"_links":{"self":[{"href":"https:\/\/www.trust-immobiliere.com\/index.php\/wp-json\/wp\/v2\/product\/1586"}],"collection":[{"href":"https:\/\/www.trust-immobiliere.com\/index.php\/wp-json\/wp\/v2\/product"}],"about":[{"href":"https:\/\/www.trust-immobiliere.com\/index.php\/wp-json\/wp\/v2\/types\/product"}],"replies":[{"embeddable":true,"href":"https:\/\/www.trust-immobiliere.com\/index.php\/wp-json\/wp\/v2\/comments?post=1586"}],"wp:featuredmedia":[{"embeddable":true,"href":"https:\/\/www.trust-immobiliere.com\/index.php\/wp-json\/wp\/v2\/media\/1584"}],"wp:attachment":[{"href":"https:\/\/www.trust-immobiliere.com\/index.php\/wp-json\/wp\/v2\/media?parent=1586"}],"curies":[{"name":"wp","href":"https:\/\/api.w.org\/{rel}","templated":true}]}}