{"id":1672,"date":"2020-03-07T21:13:18","date_gmt":"2020-03-07T20:13:18","guid":{"rendered":"https:\/\/www.trust-immobiliere.com\/?post_type=product&#038;p=1672"},"modified":"2025-06-26T06:48:45","modified_gmt":"2025-06-26T04:48:45","slug":"apparts-neufs-de-tres-haut-standing-a-ennasr-2-vente-salima","status":"publish","type":"product","link":"https:\/\/www.trust-immobiliere.com\/index.php\/produit\/apparts-neufs-de-tres-haut-standing-a-ennasr-2-vente-salima\/","title":{"rendered":"Apparts Neufs de Tres Haut Standing a Ennasr 2"},"content":{"rendered":"","protected":false},"excerpt":{"rendered":"<p>L\u2019Agence TRUST IMMOBILIERE Vous propose la vente des appartements de haut standing dans une R\u00e9sidence R+5 Situ\u00e9e \u00e0 ENNASR 2,<br \/>\nles appartements sont de type S+1\/S+2\/S+3 et S+4<\/p>\n<p>La surface des S+1 varie entre 52 m2 et 58 m2<br \/>\nLe prix des S+1 varie entre 148000 DT et 163.000 DT<br \/>\nLa surface des S+2 varie entre 120 m2 et 136 m2<br \/>\nLe prix des S+2 varie entre 320.000 DT et 360.000 DT<br \/>\nLa surface des S+3 varie entre 148 m2 et 170 m2<br \/>\nLe prix des S+3 varie entre 400.000 DT et 455.000 DT<br \/>\nLa surface d\u2019un S+4 est 198 m2+ une terrasse de 119 m2<br \/>\nLe prix des S+4 est 580.000 DT<br \/>\nLa surface d\u2019un S+4 est 180 m2+ une terrasse de 84 m2<br \/>\nLe prix des S+4 est 535.000 DT <\/p>\n<p>Le pr\u0131x de la place de parking au sous-sol est 17000 DT<\/p>\n<p>La Remise des cl\u00e9s est pr\u00e9vue pour 30 septembre 2020.<\/p>\n","protected":false},"featured_media":1673,"comment_status":"open","ping_status":"closed","template":"","meta":[],"_links":{"self":[{"href":"https:\/\/www.trust-immobiliere.com\/index.php\/wp-json\/wp\/v2\/product\/1672"}],"collection":[{"href":"https:\/\/www.trust-immobiliere.com\/index.php\/wp-json\/wp\/v2\/product"}],"about":[{"href":"https:\/\/www.trust-immobiliere.com\/index.php\/wp-json\/wp\/v2\/types\/product"}],"replies":[{"embeddable":true,"href":"https:\/\/www.trust-immobiliere.com\/index.php\/wp-json\/wp\/v2\/comments?post=1672"}],"wp:featuredmedia":[{"embeddable":true,"href":"https:\/\/www.trust-immobiliere.com\/index.php\/wp-json\/wp\/v2\/media\/1673"}],"wp:attachment":[{"href":"https:\/\/www.trust-immobiliere.com\/index.php\/wp-json\/wp\/v2\/media?parent=1672"}],"curies":[{"name":"wp","href":"https:\/\/api.w.org\/{rel}","templated":true}]}}