{"id":1861,"date":"2020-03-08T19:14:59","date_gmt":"2020-03-08T18:14:59","guid":{"rendered":"https:\/\/www.trust-immobiliere.com\/?post_type=product&#038;p=1861"},"modified":"2025-08-18T01:57:57","modified_gmt":"2025-08-17T23:57:57","slug":"s3-chotrana-vente-la-couronne","status":"publish","type":"product","link":"https:\/\/www.trust-immobiliere.com\/index.php\/produit\/s3-chotrana-vente-la-couronne\/","title":{"rendered":"S+3-Chotrana"},"content":{"rendered":"","protected":false},"excerpt":{"rendered":"<p>L\u2019Agence TRUST IMMOBILIERE propose \u00e0 vendre des appartements et des duplex dans une R\u00e9sidence de haut standing  R+7 Situ\u00e9e a CHOTRANA.<\/p>\n<p>La surface des S+3 est de 164 m2 -165 M2<br \/>\nLe prix des S+3 est de 485.000 DT<\/p>\n<p>La Remise des cl\u00e9s est imm\u00e9diate.<\/p>\n","protected":false},"featured_media":1862,"comment_status":"open","ping_status":"closed","template":"","meta":[],"_links":{"self":[{"href":"https:\/\/www.trust-immobiliere.com\/index.php\/wp-json\/wp\/v2\/product\/1861"}],"collection":[{"href":"https:\/\/www.trust-immobiliere.com\/index.php\/wp-json\/wp\/v2\/product"}],"about":[{"href":"https:\/\/www.trust-immobiliere.com\/index.php\/wp-json\/wp\/v2\/types\/product"}],"replies":[{"embeddable":true,"href":"https:\/\/www.trust-immobiliere.com\/index.php\/wp-json\/wp\/v2\/comments?post=1861"}],"wp:featuredmedia":[{"embeddable":true,"href":"https:\/\/www.trust-immobiliere.com\/index.php\/wp-json\/wp\/v2\/media\/1862"}],"wp:attachment":[{"href":"https:\/\/www.trust-immobiliere.com\/index.php\/wp-json\/wp\/v2\/media?parent=1861"}],"curies":[{"name":"wp","href":"https:\/\/api.w.org\/{rel}","templated":true}]}}