{"id":1891,"date":"2020-03-08T21:12:45","date_gmt":"2020-03-08T20:12:45","guid":{"rendered":"https:\/\/www.trust-immobiliere.com\/?post_type=product&#038;p=1891"},"modified":"2026-04-05T11:30:10","modified_gmt":"2026-04-05T09:30:10","slug":"s2-s3-ain-zaghouan-nord-neuf-elmehdi","status":"publish","type":"product","link":"https:\/\/www.trust-immobiliere.com\/index.php\/produit\/s2-s3-ain-zaghouan-nord-neuf-elmehdi\/","title":{"rendered":"S+2-S+3-Ain Zaghouan Nord"},"content":{"rendered":"","protected":false},"excerpt":{"rendered":"<p>L\u2019Agence TRUST IMMOBILIERE propose \u00e0 vendre des appartements dans une R\u00e9sidence R+4 de haut standing Situ\u00e9e \u00e0 AIN ZAGHOUAN NORD<\/p>\n<p>Les appartements sont de type  S+2\/S+3<\/p>\n<p>La surface des S+2 varie entre 145 m2 et 153 m2<br \/>\nLe prix des S+2 varie entre  450.000 DT et 475000 DT<br \/>\nLa surface des S+3 est 255 m2<br \/>\nLe prix des S+3 est 697500 DT<br \/>\nLe pr\u0131x de la place de parking au sous-sol est de 20.000 DT<\/p>\n","protected":false},"featured_media":1892,"comment_status":"open","ping_status":"closed","template":"","meta":[],"_links":{"self":[{"href":"https:\/\/www.trust-immobiliere.com\/index.php\/wp-json\/wp\/v2\/product\/1891"}],"collection":[{"href":"https:\/\/www.trust-immobiliere.com\/index.php\/wp-json\/wp\/v2\/product"}],"about":[{"href":"https:\/\/www.trust-immobiliere.com\/index.php\/wp-json\/wp\/v2\/types\/product"}],"replies":[{"embeddable":true,"href":"https:\/\/www.trust-immobiliere.com\/index.php\/wp-json\/wp\/v2\/comments?post=1891"}],"wp:featuredmedia":[{"embeddable":true,"href":"https:\/\/www.trust-immobiliere.com\/index.php\/wp-json\/wp\/v2\/media\/1892"}],"wp:attachment":[{"href":"https:\/\/www.trust-immobiliere.com\/index.php\/wp-json\/wp\/v2\/media?parent=1891"}],"curies":[{"name":"wp","href":"https:\/\/api.w.org\/{rel}","templated":true}]}}