{"id":2829,"date":"2020-04-14T22:29:11","date_gmt":"2020-04-14T20:29:11","guid":{"rendered":"https:\/\/www.trust-immobiliere.com\/?post_type=product&#038;p=2829"},"modified":"2025-08-04T13:33:14","modified_gmt":"2025-08-04T11:33:14","slug":"elmahrajene-jardins-elmenzah-2","status":"publish","type":"product","link":"https:\/\/www.trust-immobiliere.com\/index.php\/produit\/elmahrajene-jardins-elmenzah-2\/","title":{"rendered":"BUREAUX  DANS UN CENTRE MEDICAL -JARDINS ELMENZAH 2"},"content":{"rendered":"","protected":false},"excerpt":{"rendered":"<p>L\u2019Agence TRUST IMMOBILIERE Vous propose la location des cabinets m\u00e9dicaux de haut standing dans une R\u00e9sidence R+4 Situ\u00e9e aux jardins Elmenzah 2.<br \/>\nLa surface des cabinets m\u00e9dicaux varie entre 45 m2 et 90 m2<br \/>\nLe loyer des cabinets m\u00e9dicaux varie entre 900 DT  et 1400 DT<\/p>\n","protected":false},"featured_media":2820,"comment_status":"open","ping_status":"closed","template":"","meta":[],"_links":{"self":[{"href":"https:\/\/www.trust-immobiliere.com\/index.php\/wp-json\/wp\/v2\/product\/2829"}],"collection":[{"href":"https:\/\/www.trust-immobiliere.com\/index.php\/wp-json\/wp\/v2\/product"}],"about":[{"href":"https:\/\/www.trust-immobiliere.com\/index.php\/wp-json\/wp\/v2\/types\/product"}],"replies":[{"embeddable":true,"href":"https:\/\/www.trust-immobiliere.com\/index.php\/wp-json\/wp\/v2\/comments?post=2829"}],"wp:featuredmedia":[{"embeddable":true,"href":"https:\/\/www.trust-immobiliere.com\/index.php\/wp-json\/wp\/v2\/media\/2820"}],"wp:attachment":[{"href":"https:\/\/www.trust-immobiliere.com\/index.php\/wp-json\/wp\/v2\/media?parent=2829"}],"curies":[{"name":"wp","href":"https:\/\/api.w.org\/{rel}","templated":true}]}}