{"id":2831,"date":"2020-04-14T22:37:05","date_gmt":"2020-04-14T20:37:05","guid":{"rendered":"https:\/\/www.trust-immobiliere.com\/?post_type=product&#038;p=2831"},"modified":"2025-05-20T00:31:53","modified_gmt":"2025-05-19T22:31:53","slug":"nour-hilton-vente","status":"publish","type":"product","link":"https:\/\/www.trust-immobiliere.com\/index.php\/produit\/nour-hilton-vente\/","title":{"rendered":"S+3\/S+4 A BARDO"},"content":{"rendered":"","protected":false},"excerpt":{"rendered":"<p>L\u2019Agence TRUST IMMOBILIERE Vous propose la vente des appartements de haut standing dans une R\u00e9sidence R+4 Situ\u00e9e \u00e0 Bardo.<\/p>\n<p>Les appartements sont de type S+3\/S+4<br \/>\nLa surface des S+3 varie entre 127,5 m2 et 138 m2<br \/>\nLe prix des S+3 varie entre 233.000 DT et  252.000 DT<br \/>\nLa surface des S+4 est 169 m2<br \/>\nLe prix des S+4 est 306000 DT<\/p>\n<p>Les Prix comprennent le pr\u0131x de  place de parking au sous-sol.<\/p>\n<p>La Remise des cl\u00e9s est imm\u00e9diate.<\/p>\n","protected":false},"featured_media":2832,"comment_status":"open","ping_status":"closed","template":"","meta":[],"_links":{"self":[{"href":"https:\/\/www.trust-immobiliere.com\/index.php\/wp-json\/wp\/v2\/product\/2831"}],"collection":[{"href":"https:\/\/www.trust-immobiliere.com\/index.php\/wp-json\/wp\/v2\/product"}],"about":[{"href":"https:\/\/www.trust-immobiliere.com\/index.php\/wp-json\/wp\/v2\/types\/product"}],"replies":[{"embeddable":true,"href":"https:\/\/www.trust-immobiliere.com\/index.php\/wp-json\/wp\/v2\/comments?post=2831"}],"wp:featuredmedia":[{"embeddable":true,"href":"https:\/\/www.trust-immobiliere.com\/index.php\/wp-json\/wp\/v2\/media\/2832"}],"wp:attachment":[{"href":"https:\/\/www.trust-immobiliere.com\/index.php\/wp-json\/wp\/v2\/media?parent=2831"}],"curies":[{"name":"wp","href":"https:\/\/api.w.org\/{rel}","templated":true}]}}