{"id":2911,"date":"2020-04-16T23:10:06","date_gmt":"2020-04-16T21:10:06","guid":{"rendered":"https:\/\/www.trust-immobiliere.com\/?post_type=product&#038;p=2911"},"modified":"2025-08-18T01:55:01","modified_gmt":"2025-08-17T23:55:01","slug":"2eme-main","status":"publish","type":"product","link":"https:\/\/www.trust-immobiliere.com\/index.php\/produit\/2eme-main\/","title":{"rendered":"OPPORTUNITE D\u2019UN APPARTEMENT  S+3  -AIN ZAGHOUAN"},"content":{"rendered":"","protected":false},"excerpt":{"rendered":"<p>Une bonne  opportunit\u00e9 d\u2019un appartement  S+3  situ\u00e9e \u00e0  Ain Zaghouan, l\u2019emplacement  est id\u00e9al et proche de  la mosqu\u00e9e et  toutes les commodit\u00e9s , \u00e0  2 min de  Carrefour,  \u00e0 10min de la Marsa  et \u00e0  presque 15\u00e020 min des Berges du Lac 2.<\/p>\n<p>Superficie : 180m\u00b2<br \/>\nEtage : premier<br \/>\nPrix : 400. 000 DT TTC<\/p>\n<p>R\u00e9f\u00e9rence: 1414<\/p>\n<p>Pour toute autre information, merci de contacter : 55 33 17 23 ou 55 57 11 44<\/p>\n","protected":false},"featured_media":2912,"comment_status":"open","ping_status":"closed","template":"","meta":[],"_links":{"self":[{"href":"https:\/\/www.trust-immobiliere.com\/index.php\/wp-json\/wp\/v2\/product\/2911"}],"collection":[{"href":"https:\/\/www.trust-immobiliere.com\/index.php\/wp-json\/wp\/v2\/product"}],"about":[{"href":"https:\/\/www.trust-immobiliere.com\/index.php\/wp-json\/wp\/v2\/types\/product"}],"replies":[{"embeddable":true,"href":"https:\/\/www.trust-immobiliere.com\/index.php\/wp-json\/wp\/v2\/comments?post=2911"}],"wp:featuredmedia":[{"embeddable":true,"href":"https:\/\/www.trust-immobiliere.com\/index.php\/wp-json\/wp\/v2\/media\/2912"}],"wp:attachment":[{"href":"https:\/\/www.trust-immobiliere.com\/index.php\/wp-json\/wp\/v2\/media?parent=2911"}],"curies":[{"name":"wp","href":"https:\/\/api.w.org\/{rel}","templated":true}]}}