{"id":2920,"date":"2020-04-16T23:15:47","date_gmt":"2020-04-16T21:15:47","guid":{"rendered":"https:\/\/www.trust-immobiliere.com\/?post_type=product&#038;p=2920"},"modified":"2025-03-16T15:23:09","modified_gmt":"2025-03-16T14:23:09","slug":"2eme-main-cite-el-wahat","status":"publish","type":"product","link":"https:\/\/www.trust-immobiliere.com\/index.php\/produit\/2eme-main-cite-el-wahat\/","title":{"rendered":"SUPERBE  (S+2)-  CITE EL WAHAT"},"content":{"rendered":"","protected":false},"excerpt":{"rendered":"<p>Un appartement  S+2  de 93 m\u00b2 et au  3\u00e8me \u00e9tage \u00e0 Cit\u00e9 El Wahat, Ain Zaghouan, l\u2019emplacement  est  strat\u00e9gique et proche de  toutes  les commodit\u00e9s.<\/p>\n<p>Superficie : 93m\u00b2<br \/>\nPrix : 240. 000 DT TTC<\/p>\n<p>R\u00e9f\u00e9rence: 1415<\/p>\n<p>Pour toute autre information, merci de contacter : 55 33 17 23 ou 55 57 11 44<\/p>\n","protected":false},"featured_media":2921,"comment_status":"open","ping_status":"closed","template":"","meta":[],"_links":{"self":[{"href":"https:\/\/www.trust-immobiliere.com\/index.php\/wp-json\/wp\/v2\/product\/2920"}],"collection":[{"href":"https:\/\/www.trust-immobiliere.com\/index.php\/wp-json\/wp\/v2\/product"}],"about":[{"href":"https:\/\/www.trust-immobiliere.com\/index.php\/wp-json\/wp\/v2\/types\/product"}],"replies":[{"embeddable":true,"href":"https:\/\/www.trust-immobiliere.com\/index.php\/wp-json\/wp\/v2\/comments?post=2920"}],"wp:featuredmedia":[{"embeddable":true,"href":"https:\/\/www.trust-immobiliere.com\/index.php\/wp-json\/wp\/v2\/media\/2921"}],"wp:attachment":[{"href":"https:\/\/www.trust-immobiliere.com\/index.php\/wp-json\/wp\/v2\/media?parent=2920"}],"curies":[{"name":"wp","href":"https:\/\/api.w.org\/{rel}","templated":true}]}}