{"id":3022,"date":"2020-04-25T21:43:11","date_gmt":"2020-04-25T19:43:11","guid":{"rendered":"https:\/\/www.trust-immobiliere.com\/?post_type=product&#038;p=3022"},"modified":"2025-08-18T01:55:18","modified_gmt":"2025-08-17T23:55:18","slug":"esenyurt-istanbul-b2086","status":"publish","type":"product","link":"https:\/\/www.trust-immobiliere.com\/index.php\/produit\/esenyurt-istanbul-b2086\/","title":{"rendered":"APPARTEMENTS NEUFS A Esenyurt- ISTANBUL"},"content":{"rendered":"","protected":false},"excerpt":{"rendered":"<p>Adresse<br \/>\nVille: EsenyurtArea: Ataturk Airport, Bus Station, Carrefour Market, Esenyurt Meydan, Highway, Hospital, Hotel, Istanbul Airport, MAll, Marmara Park Mall, Metro, Metro Bus, Park, Sabiha Airport, Schools, Shopping Center, Takseem Square, UniversityState \/ Comt\u00e9: Turquie &#8211; IstanbulPays: TurquieOuvrir dans Google Maps<br \/>\nD\u00e9tails<br \/>\nPrix: \u00c0 partir de: 180 000 TRP<br \/>\n,Surface de la propri\u00e9t\u00e9: 50,00 m2<br \/>\nChambres: 1Chambres: 1Salles de bain: 1Taille de la propri\u00e9t\u00e9: Jusqu&rsquo;\u00e0: 80<\/p>\n","protected":false},"featured_media":3023,"comment_status":"open","ping_status":"closed","template":"","meta":[],"_links":{"self":[{"href":"https:\/\/www.trust-immobiliere.com\/index.php\/wp-json\/wp\/v2\/product\/3022"}],"collection":[{"href":"https:\/\/www.trust-immobiliere.com\/index.php\/wp-json\/wp\/v2\/product"}],"about":[{"href":"https:\/\/www.trust-immobiliere.com\/index.php\/wp-json\/wp\/v2\/types\/product"}],"replies":[{"embeddable":true,"href":"https:\/\/www.trust-immobiliere.com\/index.php\/wp-json\/wp\/v2\/comments?post=3022"}],"wp:featuredmedia":[{"embeddable":true,"href":"https:\/\/www.trust-immobiliere.com\/index.php\/wp-json\/wp\/v2\/media\/3023"}],"wp:attachment":[{"href":"https:\/\/www.trust-immobiliere.com\/index.php\/wp-json\/wp\/v2\/media?parent=3022"}],"curies":[{"name":"wp","href":"https:\/\/api.w.org\/{rel}","templated":true}]}}