{"id":3056,"date":"2020-04-25T22:46:54","date_gmt":"2020-04-25T20:46:54","guid":{"rendered":"https:\/\/www.trust-immobiliere.com\/?post_type=product&#038;p=3056"},"modified":"2021-04-03T11:33:07","modified_gmt":"2021-04-03T09:33:07","slug":"atakoy-b2b-b2007","status":"publish","type":"product","link":"https:\/\/www.trust-immobiliere.com\/index.php\/produit\/atakoy-b2b-b2007\/","title":{"rendered":"PROJET NEUF 1-Atak\u00f6y, Bak\u0131rk\u00f6y-ISTANBUL"},"content":{"rendered":"","protected":false},"excerpt":{"rendered":"<p>Prix: \u00c0 partir de: 941 000 TRP<br \/>\nTaille de la propri\u00e9t\u00e9: 73,00 m2<br \/>\nChambres: 2<br \/>\n 1Salles de bain: 1<br \/>\nTaille de la propri\u00e9t\u00e9: Jusqu&rsquo;\u00e0: 104<\/p>\n","protected":false},"featured_media":3057,"comment_status":"open","ping_status":"closed","template":"","meta":[],"_links":{"self":[{"href":"https:\/\/www.trust-immobiliere.com\/index.php\/wp-json\/wp\/v2\/product\/3056"}],"collection":[{"href":"https:\/\/www.trust-immobiliere.com\/index.php\/wp-json\/wp\/v2\/product"}],"about":[{"href":"https:\/\/www.trust-immobiliere.com\/index.php\/wp-json\/wp\/v2\/types\/product"}],"replies":[{"embeddable":true,"href":"https:\/\/www.trust-immobiliere.com\/index.php\/wp-json\/wp\/v2\/comments?post=3056"}],"wp:featuredmedia":[{"embeddable":true,"href":"https:\/\/www.trust-immobiliere.com\/index.php\/wp-json\/wp\/v2\/media\/3057"}],"wp:attachment":[{"href":"https:\/\/www.trust-immobiliere.com\/index.php\/wp-json\/wp\/v2\/media?parent=3056"}],"curies":[{"name":"wp","href":"https:\/\/api.w.org\/{rel}","templated":true}]}}