{"id":3067,"date":"2020-04-25T22:58:22","date_gmt":"2020-04-25T20:58:22","guid":{"rendered":"https:\/\/www.trust-immobiliere.com\/?post_type=product&#038;p=3067"},"modified":"2025-10-03T17:10:19","modified_gmt":"2025-10-03T15:10:19","slug":"b2b-2008","status":"publish","type":"product","link":"https:\/\/www.trust-immobiliere.com\/index.php\/produit\/b2b-2008\/","title":{"rendered":"PROJET NEUF 2-Atak\u00f6y, Bah\u00e7elievler, Bak\u0131rk\u00f6y-ISTANBUL"},"content":{"rendered":"","protected":false},"excerpt":{"rendered":"<p>Ville: Atak\u00f6y, Bah\u00e7elievler, Bak\u0131rk\u00f6y<br \/>\nZone: 212 Mall, Ataturk Airport, Bus Station, Carrefour Market, Highway, Hospital, Hotel, Istanbul Airport, K\u00fc\u00e7\u00fck\u00e7ekmece Lake, MAll, Mall Of Istanbul<br \/>\n\u00c9tat \/ Comt\u00e9: Turquie &#8211; Istanbul<br \/>\nPays: Turquie<\/p>\n<p>D\u00e9tails<\/p>\n<p>Prix: \u00e0 partir de: 456 000 TRL<br \/>\nTaille de la propri\u00e9t\u00e9: 54,00 m2<br \/>\nPi\u00e8ces: 1<br \/>\nChambres: 1<br \/>\nSalle de bain: 1<br \/>\nTaille de la propri\u00e9t\u00e9: jusqu&rsquo;\u00e0:<\/p>\n","protected":false},"featured_media":3068,"comment_status":"open","ping_status":"closed","template":"","meta":[],"_links":{"self":[{"href":"https:\/\/www.trust-immobiliere.com\/index.php\/wp-json\/wp\/v2\/product\/3067"}],"collection":[{"href":"https:\/\/www.trust-immobiliere.com\/index.php\/wp-json\/wp\/v2\/product"}],"about":[{"href":"https:\/\/www.trust-immobiliere.com\/index.php\/wp-json\/wp\/v2\/types\/product"}],"replies":[{"embeddable":true,"href":"https:\/\/www.trust-immobiliere.com\/index.php\/wp-json\/wp\/v2\/comments?post=3067"}],"wp:featuredmedia":[{"embeddable":true,"href":"https:\/\/www.trust-immobiliere.com\/index.php\/wp-json\/wp\/v2\/media\/3068"}],"wp:attachment":[{"href":"https:\/\/www.trust-immobiliere.com\/index.php\/wp-json\/wp\/v2\/media?parent=3067"}],"curies":[{"name":"wp","href":"https:\/\/api.w.org\/{rel}","templated":true}]}}