{"id":3089,"date":"2020-04-25T23:48:59","date_gmt":"2020-04-25T21:48:59","guid":{"rendered":"https:\/\/www.trust-immobiliere.com\/?post_type=product&#038;p=3089"},"modified":"2025-01-29T13:42:44","modified_gmt":"2025-01-29T12:42:44","slug":"yalova-b2b-b2128","status":"publish","type":"product","link":"https:\/\/www.trust-immobiliere.com\/index.php\/produit\/yalova-b2b-b2128\/","title":{"rendered":"APPARTEMENTS NEUFS -YALOVA-ISTANBUL"},"content":{"rendered":"","protected":false},"excerpt":{"rendered":"<p>Caract\u00e9ristiques de l&#8217;emplacement:<br \/>\nCe projet est situ\u00e9 \u00e0, pr\u00e8s de Yalova, facilement accessible depuis Istanbul. Il a \u00e9t\u00e9 construit sur un emplacement privil\u00e9gi\u00e9, \u00e0 50 m\u00e8tres de la mer. Le projet se compose de 210 appartements construits sur une superficie de 5000 m\u00e8tres carr\u00e9s.<br \/>\ndate de livraison : immediate<br \/>\nMode de paiement : 50% d&rsquo;acompte et le reste par versements \u00e9chelonn\u00e9s sur 12 mois<\/p>\n<p>Adresse<br \/>\nVille: Yalova<br \/>\nZone: Gare routi\u00e8re, Autoroute, H\u00f4pital, Parc, \u00c9coles, Centre commercial, Universit\u00e9<br \/>\n\u00c9tat \/ Comt\u00e9: Turquie &#8211; Yalova<br \/>\nPays: Turquie<\/p>\n<p>D\u00e9tails<br \/>\nPrix: \u00e0 partir de: 195 000 TRL<br \/>\nTaille de la propri\u00e9t\u00e9: 165.00 m2<br \/>\nPi\u00e8ces: 4<br \/>\nChambres: 4<br \/>\nSalles de bain: 3<\/p>\n","protected":false},"featured_media":3090,"comment_status":"open","ping_status":"closed","template":"","meta":[],"_links":{"self":[{"href":"https:\/\/www.trust-immobiliere.com\/index.php\/wp-json\/wp\/v2\/product\/3089"}],"collection":[{"href":"https:\/\/www.trust-immobiliere.com\/index.php\/wp-json\/wp\/v2\/product"}],"about":[{"href":"https:\/\/www.trust-immobiliere.com\/index.php\/wp-json\/wp\/v2\/types\/product"}],"replies":[{"embeddable":true,"href":"https:\/\/www.trust-immobiliere.com\/index.php\/wp-json\/wp\/v2\/comments?post=3089"}],"wp:featuredmedia":[{"embeddable":true,"href":"https:\/\/www.trust-immobiliere.com\/index.php\/wp-json\/wp\/v2\/media\/3090"}],"wp:attachment":[{"href":"https:\/\/www.trust-immobiliere.com\/index.php\/wp-json\/wp\/v2\/media?parent=3089"}],"curies":[{"name":"wp","href":"https:\/\/api.w.org\/{rel}","templated":true}]}}