{"id":895,"date":"2020-02-27T11:28:58","date_gmt":"2020-02-27T10:28:58","guid":{"rendered":"https:\/\/www.trust-immobiliere.com\/?post_type=product&#038;p=895"},"modified":"2025-06-13T17:39:34","modified_gmt":"2025-06-13T15:39:34","slug":"s2-fatimven","status":"publish","type":"product","link":"https:\/\/www.trust-immobiliere.com\/index.php\/produit\/s2-fatimven\/","title":{"rendered":"S+2-Ain Zaghouan"},"content":{"rendered":"<p>N&rsquo;h\u00e9sitez pas \u00e0 nous contacter sur : 24266000 \/ 26 404509 \/ 98 705836 \/ 55336649<\/p>\n","protected":false},"excerpt":{"rendered":"<p>L\u2019Agence TRUST IMMOBILIERE propose \u00e0 vendre des appartements dans une R\u00e9sidence R+5 de haut standing Situ\u00e9e \u00e0 Ain Zaghouan.<br \/>\nLa surface des S+2varie entre101,41 m2 et 115,37 m2<br \/>\nLe prix des S+2varie entre 247.000 DT et 263.000 DT<br \/>\nLe pr\u0131x de la place de parking au sous-sol est 18000 DT<\/p>\n","protected":false},"featured_media":897,"comment_status":"open","ping_status":"closed","template":"","meta":[],"_links":{"self":[{"href":"https:\/\/www.trust-immobiliere.com\/index.php\/wp-json\/wp\/v2\/product\/895"}],"collection":[{"href":"https:\/\/www.trust-immobiliere.com\/index.php\/wp-json\/wp\/v2\/product"}],"about":[{"href":"https:\/\/www.trust-immobiliere.com\/index.php\/wp-json\/wp\/v2\/types\/product"}],"replies":[{"embeddable":true,"href":"https:\/\/www.trust-immobiliere.com\/index.php\/wp-json\/wp\/v2\/comments?post=895"}],"wp:featuredmedia":[{"embeddable":true,"href":"https:\/\/www.trust-immobiliere.com\/index.php\/wp-json\/wp\/v2\/media\/897"}],"wp:attachment":[{"href":"https:\/\/www.trust-immobiliere.com\/index.php\/wp-json\/wp\/v2\/media?parent=895"}],"curies":[{"name":"wp","href":"https:\/\/api.w.org\/{rel}","templated":true}]}}